hen 8564 is divided by 1050?
164
What is the remainder when 2228 is divided by 213?
98
Calculate the remainder when 68239 is divided by 45.
19
Calculate the remainder when 6030 is divided by 1.
0
Calculate the remainder when 11577 is divided by 446.
427
Calculate the remainder when 62058 is divided by 72.
66
Calculate the remainder when 2945597 is divided by 64.
61
Calculate the remainder when 54951 is divided by 327.
15
What is the remainder when 10326 is divided by 28?
22
What is the remainder when 694 is divided by 212?
58
Calculate the remainder when 245291 is divided by 35.
11
Calculate the remainder when 6520 is divided by 2985.
550
Calculate the remainder when 450600 is divided by 986.
984
What is the remainder when 1611 is divided by 341?
247
What is the remainder when 26267 is divided by 3719?
234
What is the remainder when 3960 is divided by 172?
4
What is the remainder when 4502 is divided by 2186?
130
What is the remainder when 947 is divided by 683?
264
What is the remainder when 6795 is divided by 100?
95
Calculate the remainder when 4576 is divided by 164.
148
Calculate the remainder when 129788 is divided by 107.
104
What is the remainder when 649 is divided by 84?
61
What is the remainder when 7324 is divided by 8?
4
Calculate the remainder when 18853 is divided by 788.
729
What is the remainder when 75838 is divided by 71?
10
What is the remainder when 75316 is divided by 167?
166
What is the remainder when 16762 is divided by 151?
1
Calculate the remainder when 11326 is divided by 46.
10
Calculate the remainder when 192828 is divided by 13.
12
Calculate the remainder when 11807 is divided by 179.
172
What is the remainder when 174003 is divided by 126?
123
Calculate the remainder when 127409 is divided by 891.
887
What is the remainder when 500343 is divided by 100066?
13
What is the remainder when 12139 is divided by 3033?
7
Calculate the remainder when 38674 is divided by 34.
16
Calculate the remainder when 29704 is divided by 5938.
14
What is the remainder when 1057 is divided by 391?
275
Calculate the remainder when 105113 is divided by 105110.
3
What is the remainder when 7029 is divided by 80?
69
What is the remainder when 25890 is divided by 25888?
2
What is the remainder when 20496 is divided by 199?
198
Calculate the remainder when 914161 is divided by 171.
166
Calculate the remainder when 4351 is divided by 2152.
47
What is the remainder when 514 is divided by 361?
153
Calculate the remainder when 2863 is divided by 315.
28
What is the remainder when 8135 is divided by 2246?
1397
Calculate the remainder when 2260 is divided by 358.
112
Calculate the remainder when 5801 is divided by 102.
89
Calculate the remainder when 32585 is divided by 175.
35
Calculate the remainder when 10758449 is divided by 75.
74
What is the remainder when 334610 is divided by 27?
26
What is the remainder when 4379 is divided by 625?
4
What is the remainder when 5614 is divided by 801?
7
What is the remainder when 17387 is divided by 151?
22
What is the remainder when 1902015 is divided by 623?
619
Calculate the remainder when 306311 is divided by 2862.
77
What is the remainder when 31412 is divided by 374?
370
What is the remainder when 10196 is divided by 10?
6
What is the remainder when 155879 is divided by 14169?
20
What is the remainder when 37532 is divided by 108?
56
Calculate the remainder when 2102 is divided by 228.
50
What is the remainder when 36069 is divided by 56?
5
What is the remainder when 2976 is divided by 37?
16
Calculate the remainder when 31504 is divided by 93.
70
What is the remainder when 377831 is divided by 84?
83
Calculate the remainder when 129760 is divided by 123.
118
Calculate the remainder when 15041 is divided by 26.
13
What is the remainder when 23452 is divided by 1612?
884
What is the remainder when 11965 is divided by 41?
34
Calculate the remainder when 837746 is divided by 418867.
12
Calculate the remainder when 113063 is divided by 1433.
1289
Calculate the remainder when 1578 is divided by 123.
102
What is the remainder when 1687615 is divided by 843799?
17
What is the remainder when 18449 is divided by 18447?
2
Calculate the remainder when 294110 is divided by 52.
50
What is the remainder when 1664 is divided by 152?
144
Calculate the remainder when 13936 is divided by 73.
66
What is the remainder when 11730 is divided by 911?
798
Calculate the remainder when 3634 is divided by 328.
26
What is the remainder when 704 is divided by 334?
36
What is the remainder when 6875 is divided by 6299?
576
What is the remainder when 1140 is divided by 116?
96
Calculate the remainder when 9744 is divided by 15.
9
What is the remainder when 8251 is divided by 8243?
8
What is the remainder when 643493 is divided by 650?
643
Calculate the remainder when 6326 is divided by 1136.
646
Calculate the remainder when 12890 is divided by 2574.
20
What is the remainder when 3392 is divided by 242?
4
What is the remainder when 43534 is divided by 21767?
0
Calculate the remainder when 2412 is divided by 65.
7
Calculate the remainder when 66576 is divided by 157.
8
What is the remainder when 165369 is divided by 55114?
27
What is the remainder when 351820 is divided by 796?
784
Calculate the remainder when 492666 is divided by 164209.
39
Calculate the remainder when 2509 is divided by 486.
79
What is the remainder when 159903 is divided by 142?
11
What is the remainder when 769 is divided by 232?
73
Calculate the remainder when 63698 is divided by 637.
635
What is the remainder when 1454393 is divided by 180?
173
Calculate the remainder when 64509 is divided by 378.
249
What is the remainder when 33897 is divided by 29?
25
What is the remainder when 4230 is divided by 104?
70
Calculate the remainder when 638421 is divided by 106401.
15
Calculate the remainder when 924 is divided by 277.
93
Calculate the remainder when 2587 is divided by 391.
241
Calculate the remainder when 3988 is divided by 745.
263
What is the remainder when 18211 is divided by 5835?
706
What is the remainder when 59240 is divided by 217?
216
Calculate the remainder when 61446 is divided by 278.
8
What is the remainder when 1240 is divided by 345?
205
What is the remainder when 4457 is divided by 1259?
680
What is the remainder when 9146 is divided by 97?
28
Calculate the remainder when 1358 is divided by 337.
10
Calculate the remainder when 458473 is divided by 11.
4
What is the remainder when 1606996 is divided by 25?
21
Calculate the remainder when 89955 is divided by 181.
179
What is the remainder when 13506 is divided by 501?
480
What is the remainder when 755513 is divided by 1646?
1645
What is the remainder when 750 is divided by 25?
0
Calculate the remainder when 100833 is divided by 103.
99
What is the remainder when 13066377 is divided by 9?
6
Calculate the remainder when 1819 is divided by 568.
115
Calculate the remainder when 47804 is divided by 73.
62
Calculate the remainder when 1913 is divided by 124.
53
What is the remainder when 3437 is divided by 358?
215
What is the remainder when 13170 is divided by 8?
2
What is the remainder when 1095340 is divided by 17?
13
Calculate the remainder when 11290 is divided by 1874.
46
Calculate the remainder when 37945 is divided by 3162.
1
What is the remainder when 13685 is divided by 326?
319
What is the remainder when 222 is divided by 9?
6
What is the remainder when 231310 is divided by 8?
6
What is the remainder when 1663978 is divided by 1432?
1426
What is the remainder when 51831 is divided by 12953?
19
Calculate the remainder when 95219 is divided by 23.
22
What is the remainder when 5030 is divided by 218?
16
What is the remainder when 38590 is divided by 118?
4
Calculate the remainder when 6608 is divided by 118.
0
Calculate the remainder when 795 is divided by 669.
126
What is the remainder when 323156 is divided by 287?
281
What is the remainder when 506 is divided by 83?
8
What is the remainder when 6818 is divided by 27?
14
Calculate the remainder when 2721 is divided by 144.
129
What is the remainder when 18541 is divided by 62?
3
Calculate the remainder when 12360 is divided by 1675.
635
Calculate the remainder when 4993623 is divided by 174.
171
Calculate the remainder when 9669 is div